{"id":114,"date":"2024-02-18T19:13:32","date_gmt":"2024-02-18T19:13:32","guid":{"rendered":"https:\/\/thai-massage-messkirch.de\/?page_id=68\/?page_id=114"},"modified":"2024-04-28T14:25:34","modified_gmt":"2024-04-28T14:25:34","slug":"wer-wir-sind","status":"publish","type":"page","link":"https:\/\/thai-massage-messkirch.de\/?page_id=114","title":{"rendered":"Wer-wir-sind"},"content":{"rendered":"<div id=\"sp-page\" class=\"spBgcover sp-content-1\" style=\"background-color: rgb(21, 68, 115); background-image: url('https:\/\/assets.seedprod.com\/4747-dCq1FXA2aO4c7KEQ.jpg'); font-family: Roboto, sans-serif; font-weight: 400;\">\n<section id=\"sp-ks8a8s\" data-mobile-visibility=\"#sp-ks8a8s|false\" data-tablet-visibility=\"#sp-ks8a8s|false\" data-desktop-visibility=\"#sp-ks8a8s|false\" data-mobile-css=\"\" data-tablet-css=\"\" class=\"sp-el-section  spBgcover\" style=\"background-image: linear-gradient(0deg, rgba(0, 0, 0, 0), rgba(0, 0, 0, 0)), url('\/\/thai-massage-messkirch.de\/wp-content\/uploads\/2024\/02\/Budda_klein-scaled.jpeg'); width: 100%; max-width: 100%; padding: 10px;\">\n<div id=\"sp-aqge1t\" data-mobile-visibility=\"#sp-aqge1t|false\" data-tablet-visibility=\"#sp-aqge1t|false\" data-desktop-visibility=\"#sp-aqge1t|false\" data-mobile-css=\"\" data-tablet-css=\"\" class=\"sp-el-row sm:sp-flex sp-w-full  sp-m-auto sp-justify-between\">\n<div id=\"sp-a0lb3b\" data-mobile-visibility=\"#sp-a0lb3b|false\" data-tablet-visibility=\"#sp-a0lb3b|false\" data-desktop-visibility=\"#sp-a0lb3b|false\" data-mobile-css=\"\" data-tablet-css=\"\" class=\"sp-el-col  sp-w-full\" style=\"width: calc(100% + 0px);\">\n<figure id=\"sp-qkuhqn\" data-mobile-css=\"#sp-qkuhqn|text-align:center;\" data-tablet-css=\"#sp-qkuhqn|text-align:center;\" class=\"sp-image-wrapper sp-el-block\" style=\"margin: 0px; text-align: left;\">\n<div><span><img decoding=\"async\" src=\"\/\/thai-massage-messkirch.de\/wp-content\/uploads\/2024\/02\/Lotus-flower-logo-gradient.png\" alt=\"\" width=\"500\" height=\"500\" data-mobile-visibility=\".sp-image-block-qkuhqn|false\" data-tablet-visibility=\".sp-image-block-qkuhqn|false\" data-desktop-visibility=\".sp-image-block-qkuhqn|false\" srcset=\" \/\/thai-massage-messkirch.de\/wp-content\/uploads\/2024\/02\/Lotus-flower-logo-gradient-150x150.png 150w, \/\/thai-massage-messkirch.de\/wp-content\/uploads\/2024\/02\/Lotus-flower-logo-gradient-300x300.png 300w, \/\/thai-massage-messkirch.de\/wp-content\/uploads\/2024\/02\/Lotus-flower-logo-gradient.png 500w\" class=\"sp-image-block-qkuhqn\" style=\"width: 170px;\"><\/span><\/div>\n<\/figure>\n<div id=\"sp-pr2mgp\" data-mobile-css=\".sp-bulletlist-block-pr2mgp, #sp-pr2mgp|justify-content:flex-start;\" data-tablet-css=\".sp-bulletlist-block-pr2mgp, #sp-pr2mgp|justify-content:flex-start;\" data-mobile-visibility=\".sp-bulletlist-block-pr2mgp|false\" data-tablet-visibility=\".sp-bulletlist-block-pr2mgp|false\" data-desktop-visibility=\".sp-bulletlist-block-pr2mgp|false\" class=\"sp-flex sp-css-target sp-el-block sp-bulletlist-block-template-0 sp-justify-start sp-bulletlist-block-pr2mgp\" style=\"margin: 0px;\">\n<ul class=\"sp-bulletlist-wrapper sp-flex sp-flex-wrap sp-items-center\">\n<li data-mobile-css=\"#sp-pr2mgp .sp-bullet-list-item-pr2mgp-0|padding:0px 10px 0px 0px ;\" data-tablet-css=\"#sp-pr2mgp .sp-bullet-list-item-pr2mgp-0|padding:0px 10px 0px 0px ;\" class=\"sp-flex sp-items-center sp-bullet-list-item-pr2mgp-0 sp-justify-start\" style=\"padding: 0px 10px 0px 0px;\"><span class=\"sp-icon-wrapper sp-mr-4\"><i class=\"fa-fw fa-lg fas fa-check\" style=\"width: 32px; line-height: 32px;\"><\/i><\/span><span><span style=\"color: #ffffff;\"><a style=\"color: #ffffff;\" href=\"..\/?page_id=68\">Home<\/a><\/span><\/span><\/li>\n<li data-mobile-css=\"#sp-pr2mgp .sp-bullet-list-item-pr2mgp-1|padding:0px 10px 0px 0px ;\" data-tablet-css=\"#sp-pr2mgp .sp-bullet-list-item-pr2mgp-1|padding:0px 10px 0px 0px ;\" class=\"sp-flex sp-items-center sp-bullet-list-item-pr2mgp-1 sp-justify-start\" style=\"padding: 0px 10px 0px 0px;\"><span class=\"sp-icon-wrapper sp-mr-4\"><i class=\"fa-fw fa-lg fas fa-check\" style=\"width: 32px; line-height: 32px;\"><\/i><\/span><span><span style=\"color: #ffffff;\"><a style=\"color: #ffffff;\" href=\"..\/?page_id=114\">Wer wir sind<\/a><\/span><\/span><\/li>\n<li data-mobile-css=\"#sp-pr2mgp .sp-bullet-list-item-pr2mgp-2|padding:0px 10px 0px 0px ;\" data-tablet-css=\"#sp-pr2mgp .sp-bullet-list-item-pr2mgp-2|padding:0px 10px 0px 0px ;\" class=\"sp-flex sp-items-center sp-bullet-list-item-pr2mgp-2 sp-justify-start\" style=\"padding: 0px 10px 0px 0px;\"><span class=\"sp-icon-wrapper sp-mr-4\"><i class=\"fa-fw fa-lg fas fa-check\" style=\"width: 32px; line-height: 32px;\"><\/i><\/span><span><span style=\"color: #ffffff;\"><a style=\"color: #ffffff;\" href=\"..\/?page_id=74\" data-wplink-edit=\"true\">Anwendungen<\/a><\/span><\/span><\/li>\n<li data-mobile-css=\"#sp-pr2mgp .sp-bullet-list-item-pr2mgp-3|padding:0px 10px 0px 0px ;\" data-tablet-css=\"#sp-pr2mgp .sp-bullet-list-item-pr2mgp-3|padding:0px 10px 0px 0px ;\" class=\"sp-flex sp-items-center sp-bullet-list-item-pr2mgp-3 sp-justify-start\" style=\"padding: 0px 10px 0px 0px;\"><span class=\"sp-icon-wrapper sp-mr-4\"><i class=\"fa-fw fa-lg fas fa-check\" style=\"width: 32px; line-height: 32px;\"><\/i><\/span><span><span style=\"color: #ffffff;\"><a style=\"color: #ffffff;\" href=\"..\/?page_id=118\">Preisliste<\/a><\/span><\/span><\/li>\n<li data-mobile-css=\"#sp-pr2mgp .sp-bullet-list-item-pr2mgp-4|padding:0px 10px 0px 0px ;\" data-tablet-css=\"#sp-pr2mgp .sp-bullet-list-item-pr2mgp-4|padding:0px 10px 0px 0px ;\" class=\"sp-flex sp-items-center sp-bullet-list-item-pr2mgp-4 sp-justify-start\" style=\"padding: 0px 10px 0px 0px;\"><span class=\"sp-icon-wrapper sp-mr-4\"><i class=\"fa-fw fa-lg fas fa-check\" style=\"width: 32px; line-height: 32px;\"><\/i><\/span><span><span style=\"color: #ffffff;\"><a style=\"color: #ffffff;\" href=\"..\/?page_id=120\">Gutscheine<\/a><\/span><\/span><\/li>\n<li data-mobile-css=\"#sp-pr2mgp .sp-bullet-list-item-pr2mgp-5|padding:0px 10px 0px 0px ;\" data-tablet-css=\"#sp-pr2mgp .sp-bullet-list-item-pr2mgp-5|padding:0px 10px 0px 0px ;\" class=\"sp-flex sp-items-center sp-bullet-list-item-pr2mgp-5 sp-justify-start\" style=\"padding: 0px 10px 0px 0px;\"><span class=\"sp-icon-wrapper sp-mr-4\"><i class=\"fa-fw fa-lg fas fa-check\" style=\"width: 32px; line-height: 32px;\"><\/i><\/span><span><span style=\"color: #ffffff;\"><a style=\"color: #ffffff;\" href=\"..\/?page_id=122\">Termin buchen<\/a><\/span><\/span><\/li>\n<li data-mobile-css=\"#sp-pr2mgp .sp-bullet-list-item-pr2mgp-6|padding:0px 10px 0px 0px ;\" data-tablet-css=\"#sp-pr2mgp .sp-bullet-list-item-pr2mgp-6|padding:0px 10px 0px 0px ;\" class=\"sp-flex sp-items-center sp-bullet-list-item-pr2mgp-6 sp-justify-start\" style=\"padding: 0px 10px 0px 0px;\"><span class=\"sp-icon-wrapper sp-mr-4\"><i class=\"fa-fw fa-lg fas fa-check\" style=\"width: 32px; line-height: 32px;\"><\/i><\/span><span><span style=\"color: #ffffff;\"><a style=\"color: #ffffff;\" href=\"..\/?page_id=127\">Kontakt<\/a><\/span><\/span><\/li>\n<li data-mobile-css=\"#sp-pr2mgp .sp-bullet-list-item-pr2mgp-7|padding:0px 10px 0px 0px ;\" data-tablet-css=\"#sp-pr2mgp .sp-bullet-list-item-pr2mgp-7|padding:0px 10px 0px 0px ;\" class=\"sp-flex sp-items-center sp-bullet-list-item-pr2mgp-7 sp-justify-start\" style=\"padding: 0px 10px 0px 0px;\"><span class=\"sp-icon-wrapper sp-mr-4\"><i class=\"fa-fw fa-lg fas fa-check\" style=\"width: 32px; line-height: 32px;\"><\/i><\/span><span><span style=\"color: #ffffff;\"><a style=\"color: #ffffff;\" href=\"..\/?page_id=124\">Wo wir sind<\/a><\/span><\/span><\/li>\n<li data-mobile-css=\"\" data-tablet-css=\"\" class=\"sp-flex sp-items-center sp-bullet-list-item-pr2mgp-8 sp-justify-start\"><span class=\"sp-icon-wrapper sp-mr-4\"><i class=\"fa-fw fa-lg fas fa-check\" style=\"width: 32px; line-height: 32px;\"><\/i><\/span><span><span style=\"color: #ffffff;\"><a style=\"color: #ffffff;\" href=\"..\/?page_id=129\">\u00d6ffnungszeiten<\/a><\/span><\/span><\/li>\n<\/ul>\n<\/div>\n<div id=\"sp-d66gcv\" data-mobile-css=\".sp-text-wrapper-d66gcv, #sp-d66gcv, #d66gcv|text-align:left;\" data-tablet-css=\".sp-text-wrapper-d66gcv, #sp-d66gcv, #d66gcv|text-align:left;\" data-mobile-visibility=\".sp-text-wrapper-d66gcv|false\" data-tablet-visibility=\".sp-text-wrapper-d66gcv|false\" data-desktop-visibility=\".sp-text-wrapper-d66gcv|false\" class=\"sp-css-target sp-text-wrapper sp-el-block sp-text-block-style sp-text-wrapper-d66gcv\" style=\"margin: 0px; text-align: left;\">\n<p>&nbsp;<\/p>\n<h4 style=\"text-align: center;\"><span style=\"background-color: #003300;\"><strong>Sawasdee Kha &#8211; Guten Tag<\/strong><\/span><\/h4>\n<h4 style=\"text-align: center;\">&nbsp;<\/h4>\n<h4 style=\"text-align: center;\"><span style=\"background-color: #003300;\">Mein Name ist Nassa (gesprochen: Nasa), und ich bin zertifizierte Thai-Masseurin mit langj\u00e4hriger Erfahrung in der Kunst der traditionellen Thai-Massage.<\/span><\/h4>\n<h4 style=\"text-align: center;\">&nbsp;<\/h4>\n<h4 style=\"text-align: center;\"><span style=\"background-color: #003300;\"><span style=\"color: #ffffff;\">W\u00e4hrend meiner Zeit in Bangkok habe ich die Kunst der Thai-Massage von erfahrenen Lehrern erlernt und bin begeistert von den positiven Auswirkungen, die sie auf das Wohlbefinden haben. Ich freue mich darauf, mein Wissen und meine F\u00e4higkeiten mit Ihnen teilen zu k\u00f6nnen und Sie auf Ihrer eigenen Reise zur Entspannung und Heilung zu begleiten.<\/span><\/span><\/h4>\n<h4 style=\"text-align: center;\"><span style=\"background-color: #003300;\">Meine Leidenschaft f\u00fcr ganzheitliche Heilmethoden und mein tiefes Verst\u00e4ndnis f\u00fcr die Verbindung von K\u00f6rper, Geist&nbsp;<\/span><\/h4>\n<h4 style=\"text-align: center;\"><span style=\"background-color: #003300;\">und&nbsp;Seele&nbsp;haben&nbsp;mich&nbsp;dazu&nbsp;<br \/>inspiriert,&nbsp;Menschen&nbsp;durch&nbsp;die&nbsp;<br \/>Kraft&nbsp;der&nbsp;<br \/>Thai-Massage zu&nbsp;helfen,&nbsp;<br \/>ihr&nbsp;inneres&nbsp;Gleichgewicht&nbsp;<br \/>wiederzufinden&nbsp;und&nbsp;ihre&nbsp;k\u00f6rperliche&nbsp;<br \/>Gesundheit&nbsp;zu&nbsp;f\u00f6rdern.<\/span><\/p>\n<p><span style=\"background-color: #003300;\">In&nbsp;meiner&nbsp;Praxis&nbsp;lege&nbsp;ich&nbsp;gro\u00dfen&nbsp;<br \/>Wert&nbsp;auf&nbsp;individuelle&nbsp;Betreuung&nbsp;und&nbsp;<br \/>ma\u00dfgeschneiderte&nbsp;<\/span><span style=\"background-color: #003300;\">Behandlungen,&nbsp;<br \/>die&nbsp;auf&nbsp;die&nbsp;<\/span><span style=\"background-color: #003300;\">spezifischen <br \/>Bed\u00fcrfnisse und&nbsp;W\u00fcnsche&nbsp;<br \/>meiner&nbsp;Kunden&nbsp;zugeschnitten&nbsp;sind.&nbsp;<br \/>Mit sanften Ber\u00fchrungen, gezieltem Druck&nbsp;<\/span><span style=\"background-color: #003300;\">und <\/span><span style=\"background-color: #003300;\">traditionellen <br \/>Techniken der Thai-Massage <br \/>arbeite ich daran, Verspannungen<br \/>zu l\u00f6sen, die Durchblutung zu verbessern und eine tiefe Entspannung zu erm\u00f6glichen.<\/span><\/p>\n<p><span style=\"background-color: #003300;\">Mein Ziel ist es, jedem meiner Kunden eine Auszeit vom stressigen Alltag zu bieten und Sie auf eine Reise der&nbsp;<\/span><span style=\"background-color: #003300;\">Regeneration&nbsp;<br \/>und&nbsp;Erneuerung&nbsp;zu&nbsp;begleiten.&nbsp;<\/span><\/h4>\n<h4 style=\"text-align: center;\">&nbsp;<\/h4>\n<h4 style=\"text-align: center;\"><span style=\"background-color: #003300;\">Ich&nbsp;freue&nbsp;mich&nbsp;darauf,&nbsp;Sie&nbsp;in&nbsp;<br \/>meinem Studio willkommen zu hei\u00dfen&nbsp;<\/span><span style=\"background-color: #003300;\">und&nbsp;Ihnen&nbsp;<br \/>dabei&nbsp;zu&nbsp;helfen,&nbsp;<br \/>Ihr&nbsp;Wohlbefinden&nbsp;zu&nbsp;steigern&nbsp;und&nbsp;<br \/>Ihre&nbsp;innere&nbsp;Balance&nbsp;<br \/>wiederzufinden.<\/span><\/p>\n<p><span style=\"background-color: #003300;\">Herzliche Gr\u00fc\u00dfe, Nassa<\/span><\/h4>\n<p>&nbsp;<\/p>\n<h4 style=\"text-align: center;\">&nbsp;<\/h4>\n<\/div>\n<div id=\"sp-p48hb5\" data-mobile-css=\"#sp-p48hb5|height:40px;\" data-tablet-css=\"#sp-p48hb5|height:10px;\" class=\"sp-spacer\" style=\"height: 60px;\"><\/div>\n<div id=\"sp-xdpb4p\" data-mobile-css=\"\" data-tablet-css=\"\" data-mobile-visibility=\".sp-wpwidgetblock-xdpb4p|false\" data-tablet-visibility=\".sp-wpwidgetblock-xdpb4p|false\" data-desktop-visibility=\".sp-wpwidgetblock-xdpb4p|false\" class=\"sp-wpwidgetblock-wrapper sp-el-block sp-wpwidgetblock-xdpb4p\" style=\"margin: 0px;\">\n<style type=\"text\/css\" data-mobile-css=\"\" data-tablet-css=\"\"><\/style>\n<style type=\"text\/css\">\n    #sp-xdpb4p,#sp-xdpb4p a{text-align:center}\n    #sp-xdpb4p .widgettitle{margin-bottom:16px;text-align:center}\n  <\/style>\n<div data-mobile-css=\"\" data-tablet-css=\"\" class=\"widget-content-block\" style=\"text-align: center;\">\n<div class=\"\">\n      <div class=\"widget widget_media_image\"><img decoding=\"async\" width=\"200\" height=\"300\" src=\"https:\/\/thai-massage-messkirch.de\/wp-content\/uploads\/2024\/03\/Nassa_klein-1-200x300.jpg\" class=\"image wp-image-306  attachment-medium size-medium\" alt=\"\" style=\"max-width: 100%; height: auto;\" srcset=\"https:\/\/thai-massage-messkirch.de\/wp-content\/uploads\/2024\/03\/Nassa_klein-1-200x300.jpg 200w, https:\/\/thai-massage-messkirch.de\/wp-content\/uploads\/2024\/03\/Nassa_klein-1-683x1024.jpg 683w, https:\/\/thai-massage-messkirch.de\/wp-content\/uploads\/2024\/03\/Nassa_klein-1-768x1152.jpg 768w, https:\/\/thai-massage-messkirch.de\/wp-content\/uploads\/2024\/03\/Nassa_klein-1-1024x1536.jpg 1024w, https:\/\/thai-massage-messkirch.de\/wp-content\/uploads\/2024\/03\/Nassa_klein-1.jpg 1280w\" sizes=\"(max-width: 200px) 100vw, 200px\" \/><\/div>\n    <\/div>\n<\/div>\n<\/div>\n<div id=\"sp-rto5sq\" data-mobile-css=\"#sp-rto5sq|height:40px;\" data-tablet-css=\"#sp-rto5sq|height:10px;\" class=\"sp-spacer\" style=\"height: 60px;\"><\/div>\n<div id=\"sp-taeu61\" data-mobile-css=\"#sp-taeu61|height:40px;\" data-tablet-css=\"#sp-taeu61|height:10px;\" class=\"sp-spacer\" style=\"height: 60px;\"><\/div>\n<div id=\"sp-b1vh3v\" data-mobile-css=\"#sp-b1vh3v|height:40px;\" data-tablet-css=\"#sp-b1vh3v|height:10px;\" class=\"sp-spacer\" style=\"height: 60px;\"><\/div>\n<div id=\"sp-pt41ix\" data-mobile-css=\"#sp-pt41ix|height:40px;\" data-tablet-css=\"#sp-pt41ix|height:10px;\" class=\"sp-spacer\" style=\"height: 60px;\"><\/div>\n<\/div>\n<\/div>\n<div id=\"sp-qimz11\" data-mobile-visibility=\"#sp-qimz11|false\" data-tablet-visibility=\"#sp-qimz11|false\" data-desktop-visibility=\"#sp-qimz11|false\" data-mobile-css=\"\" data-tablet-css=\"\" class=\"sp-el-row sm:sp-flex sp-w-full  sp-m-auto sp-justify-between\">\n<div id=\"sp-j4v7m1\" data-mobile-visibility=\"#sp-j4v7m1|false\" data-tablet-visibility=\"#sp-j4v7m1|false\" data-desktop-visibility=\"#sp-j4v7m1|false\" data-mobile-css=\"\" data-tablet-css=\"\" class=\"sp-el-col  sp-w-full\" style=\"width: calc(100% + 0px);\"><\/div>\n<\/div>\n<\/section>\n<\/div>\n","protected":false},"excerpt":{"rendered":"<p>Home Wer wir sind Anwendungen Preisliste Gutscheine Termin buchen Kontakt Wo wir sind \u00d6ffnungszeiten &nbsp; Sawasdee Kha &#8211; Guten Tag &nbsp; Mein Name ist Nassa (gesprochen: Nasa), und ich bin zertifizierte Thai-Masseurin mit langj\u00e4hriger Erfahrung in der Kunst der traditionellen Thai-Massage. &nbsp; W\u00e4hrend meiner Zeit in Bangkok habe ich die Kunst der Thai-Massage von erfahrenen [&hellip;]<\/p>\n","protected":false},"author":1,"featured_media":0,"parent":0,"menu_order":0,"comment_status":"closed","ping_status":"closed","template":"","meta":{"footnotes":""},"class_list":["post-114","page","type-page","status-publish","hentry"],"_links":{"self":[{"href":"https:\/\/thai-massage-messkirch.de\/index.php?rest_route=\/wp\/v2\/pages\/114"}],"collection":[{"href":"https:\/\/thai-massage-messkirch.de\/index.php?rest_route=\/wp\/v2\/pages"}],"about":[{"href":"https:\/\/thai-massage-messkirch.de\/index.php?rest_route=\/wp\/v2\/types\/page"}],"author":[{"embeddable":true,"href":"https:\/\/thai-massage-messkirch.de\/index.php?rest_route=\/wp\/v2\/users\/1"}],"replies":[{"embeddable":true,"href":"https:\/\/thai-massage-messkirch.de\/index.php?rest_route=%2Fwp%2Fv2%2Fcomments&post=114"}],"version-history":[{"count":29,"href":"https:\/\/thai-massage-messkirch.de\/index.php?rest_route=\/wp\/v2\/pages\/114\/revisions"}],"predecessor-version":[{"id":415,"href":"https:\/\/thai-massage-messkirch.de\/index.php?rest_route=\/wp\/v2\/pages\/114\/revisions\/415"}],"wp:attachment":[{"href":"https:\/\/thai-massage-messkirch.de\/index.php?rest_route=%2Fwp%2Fv2%2Fmedia&parent=114"}],"curies":[{"name":"wp","href":"https:\/\/api.w.org\/{rel}","templated":true}]}}